/((-1)/(-2)). Let k = 8 - a. What is the greatest common factor of 11 and k?
1
Let v(z) = 12*z**3 - 2*z**2 + 4*z - 2. Let n be v(1). What is the greatest common factor of 192 and n?
12
Let s = -275 - -563. What is the highest common divisor of 64 and s?
32
Let v(z) = 2*z**2 - 3*z**2 - 5*z + z. Let d be v(-2). Suppose 4*o = 12, -d*t - 5*o + 290 = t. Calculate the greatest common factor of t and 5.
5
Let j(r) = -r**2 + 10*r - 12. Let b be j(6). Let s = -24 - -36. What is the highest common divisor of s and b?
12
Suppose -l = -46*r + 51*r - 48, -r = -5*l - 20. Suppose -38 = -3*z + 28. Let v = z + r. What is the highest common factor of 80 and v?
16
Let a = 60 - 93. Let f = 36 + a. What is the greatest common divisor of f and 24?
3
Let x = 232 + -220. What is the highest common divisor of 78 and x?
6
Let x(p) be the first derivative of p**2/2 + 5*p - 1. Let u be x(0). Suppose u*c - 77 - 18 = 0. Calculate the highest common factor of 19 and c.
19
Let x = 18 + -14. Suppose 8 = x*k, -2*p + k + k + 56 = 0. What is the highest common divisor of 6 and p?
6
Suppose u + 35 = 4*a, -2*a + 5*u = -5*a + 32. Let q = -29 - -83. Suppose -3*n + n + q = 0. Calculate the highest common factor of a and n.
9
Let t(b) = 2*b - 2. Let n be t(5). Let y = n - 7. Suppose g + 2*r + y = 0, 1 = g + 4*g + 4*r. What is the greatest common factor of 11 and g?
1
Suppose -2*k = k + 5*d - 145, 0 = -5*k + 4*d + 217. Let m(t) = -14*t**3 - 2*t. Let l be m(2). Let v = -98 - l. What is the greatest common divisor of k and v?
9
Let v be (54/(-12))/(1/2). Let r = v - -11. Suppose 4*z - 17 = 7. What is the greatest common divisor of z and r?
2
Let f = 432 - 352. What is the highest common factor of f and 20?
20
Let y(g) = g**2 + 2*g - 8. Let u be y(-18). Suppose -2*w = w - 105. What is the greatest common divisor of u and w?
35
Let s(w) = 2 + 10*w**2 - 7 + w + 4. Let x be s(1). Let p be (-22)/55 + 224/x. What is the highest common factor of 33 and p?
11
Suppose -p = -5*s - 3 - 26, 0 = -3*p - 5*s + 187. What is the greatest common divisor of p and 252?
18
Let p = -196 - -226. Calculate the highest common divisor of p and 165.
15
Let u(o) be the second derivative of -o**3/2 + 6*o**2 + 10*o. Let n be u(3). Let a be (n - -1) + 17 + -6. Calculate the greatest common factor of 6 and a.
3
Let y(a) = 4*a - 19. Let d be y(6). Suppose -d*q + 3*z + 123 = 2*z, -3*z = 9. What is the greatest common factor of 12 and q?
12
Let i be (1 - -4)/(4/(-2 - -174)). Suppose i + 9 = 4*t. Calculate the greatest common divisor of 7 and t.
7
Let k(j) be the third derivative of -j**4/6 - 47*j**3/6 - 14*j**2. Let l be k(-12). Calculate the highest common factor of l and 4.
1
Let i(u) = u**2 + 4*u + 6. Let b(t) = t**2 + 5*t - 6. Let o be b(-5). Let x = -10 - o. Let c be i(x). What is the greatest common factor of 24 and c?
6
Let r be ((0 - 0) + 4)/(-2) - -4. Suppose -c + 114 = r*c. Calculate the greatest common divisor of 19 and c.
19
Suppose 0 = 3*t - 6*v + 5*v - 46, t - v = 14. Let g(k) = -16*k. Let u be g(-2). What is the highest common divisor of u and t?
16
Suppose 48 = -f + 64. Suppose -177 = -f*u + 31. Calculate the highest common divisor of u and 143.
13
Let i = 77 - 53. Let l = 430 + -262. Calculate the greatest common divisor of i and l.
24
Let f be (-16)/(-216) - 55230/(-162). What is the greatest common divisor of 11 and f?
11
Let u = 750 + -624. What is the highest common divisor of 168 and u?
42
Let n(z) = 2*z**3 - 2*z + 5*z + 88*z**2 - 2 - 93*z**2. Let a be n(3). Suppose 16*f + a = 18*f. Calculate the highest common divisor of f and 56.
8
Let i = 39 + -42. Let a be i/(((-30)/572)/5). Let k = 11 - -15. What is the highest common divisor of a and k?
26
Suppose 0 = -5*l + 25, 282 = 3*h - 0*h - 3*l. Calculate the greatest common divisor of 11 and h.
11
Let r(z) = 2*z**2 - 2*z + 8. Let t be r(-7). Suppose -5*s - 18 = 2*m - 7, 2*s + 7 = -m. Let y = 43 + m. Calculate the greatest common factor of t and y.
30
Let c = -108 - -213. Let u(s) = 14*s + 57. Let p be u(-3). Calculate the highest common factor of p and c.
15
Let q = 237 + -227. What is the greatest common divisor of q and 310?
10
Suppose 5*w - 11 = -3*l + 13, -3*w + 24 = 3*l. Let z be (7 + (-140)/21)/((2/(-1))/(-96)). What is the highest common factor of l and z?
8
Let r(b) = b**2 - b + 3. Let q be r(0). Suppose y - 13 = q. Let g be -12*y/(-12) + 4. What is the highest common divisor of 220 and g?
20
Let d(g) = -g**2 - 7*g + 1. Let l = 28 - 20. Suppose l = -z + 3*z, -z = -m - 7. Let b be d(m). Calculate the greatest common divisor of b and 39.
13
Let o(p) = 10*p + 26. Let b be o(9). Calculate the greatest common factor of 1856 and b.
116
Suppose -2*x = 4*z - 68, -19*x + 2*z + 146 = -15*x. What is the highest common factor of 468 and x?
36
Suppose -3*s + 42 = 15. Let h be (-169)/(-9) + 2/s. Calculate the highest common factor of 171 and h.
19
Let v be 4/(-18) - 2260/(-45). Let r(p) = p**2 - p - 2. Let w be r(2). Suppose w = -t - 0*t + 10. Calculate the highest common divisor of v and t.
10
Let m(a) = 5*a. Let c(r) = -6*r - 1. Let n(g) = 6*c(g) + 7*m(g). Let s be n(0). Let v = s - -16. What is the highest common factor of v and 70?
10
Let n be (98/5)/((-22)/(-165)). Calculate the highest common factor of n and 49.
49
Suppose -10 = -3*s - 2*s. What is the highest common divisor of s and 32?
2
Let k = -240 + 292. What is the greatest common divisor of k and 26?
26
Suppose 0 = 3*s - 0*m + 3*m - 33, -3*s - 2*m = -32. Suppose -p + 2*p = 4*o - 56, 0 = -p. Let w = s + o. Calculate the greatest common factor of w and 36.
12
Let m = 36 - 32. Suppose -g = -m*w + 30 + 111, 5*w - 185 = 3*g. What is the highest common divisor of 272 and w?
34
Let r be -1*(-1 - -2) - -10. Suppose 27*u = 23*u + 8. Suppose -112 = -5*w + u*w - a, -w + 28 = -2*a. What is the greatest common factor of r and w?
9
Let y be -4*(5/2)/(-5). Suppose 0 = s - 3 - y. Suppose 0 = -3*w + s*j + 137, -5*j + 82 + 15 = 3*w. Calculate the greatest common divisor of 13 and w.
13
Suppose -4*m + 44 = 2*t, 5*t + m = -15 + 98. Calculate the greatest common divisor of 8 and t.
8
Suppose -6*d + 2*d = -2*x + 326, 3*d = -x + 183. What is the highest common factor of x and 285?
57
Suppose 241 + 1103 = 8*k. Calculate the greatest common divisor of k and 21.
21
Let f be 1*10/90 - 178/(-18). Calculate the greatest common divisor of f and 1060.
10
Let y(a) = -a**3 - 3*a**2 + 3*a + 30. Let o be y(0). What is the highest common divisor of o and 480?
30
Let o = 9 + 7. Suppose -5*c + 4*c - 4*t + 120 = 0, t = -3*c + 382. Calculate the greatest common factor of o and c.
16
Let z be (-2)/(-8) - 68/16. Let t = 1 + z. Let l be (t/2)/(33/(-308)). What is the greatest common factor of 42 and l?
14
Let h(q) = 7*q + 5. Let t be h(-2). Let u = -6 - t. Suppose -2*g = v + u*g - 59, 2*v + 3*g = 83. Calculate the highest common factor of 51 and v.
17
Let z(d) = -25*d - 25*d**2 + d**3 + d**2 - d + 0*d**3 + 58. Let v be z(25). What is the highest common factor of 363 and v?
33
Let z = -177 - -547. What is the highest common factor of 148 and z?
74
Let o be (-10)/(-7)*(-4284)/(-255). Calculate the highest common divisor of o and 1536.
24
Suppose 0 = -34*x + 11*x + 138. What is the greatest common factor of 78 and x?
6
Let v(x) = 7*x + 0*x**2 + 3 - x**3 + 0*x**2 - 3*x**2 + 0*x**3. Let q be v(-6). What is the highest common factor of q and 23?
23
Suppose 2*f + 1562 = 2*z, 2*z + 6*f = 7*f + 1564. What is the highest common divisor of z and 29?
29
Let z(p) = -516*p - 5584. Let b be z(-11). Let t = 11 - 7. What is the highest common factor of t and b?
4
Let g(i) = -9*i - 61. Let k be g(-11). Calculate the greatest common factor of 950 and k.
38
Suppose 0 = 5*u + 37 - 67. What is the highest common factor of u and 120?
6
Let g be (132/10)/((-84)/(-140)). What is the greatest common factor of 1001 and g?
11
Let y(v) = -4*v + 2. Let h be y(-7). Suppose -2*l = -3*m + h, -2*l + 11 = -l + 5*m. Let u be -6*(0 + l/6). Calculate the highest common divisor of 45 and u.
9
Suppose 4*s - 192 = 4*k, 0 = 4*s - 2*k + 7*k - 192. Suppose 325 - 343 = -3*r. What is the highest common factor of r and s?
6
Let z(x) = -x + 9. Let g be z(7). Suppose 0*l = -h - 2*l + 4, -5*h = -l - 9. Calculate the highest common factor of h and g.
2
Let z be (-2 + -4)/((-2)/3). Let